j.
3, 11
Let r be (-4)/(-10)*-3*30. What are the prime factors of r/(-24) - (-118)/4?
31
Let n be ((-1)/2)/((-3)/(-48162)). List the prime factors of 2/9 - n/207.
3, 13
Let o(s) = -3*s**3 - 3*s**2 - s + 4. Let q be 15/(-1 - 2) + 2. List the prime factors of o(q).
61
Let y(l) = l + 264. Let f(w) = w**3 + 5*w**2 + 7*w + 3. Let v be f(-3). List the prime factors of y(v).
2, 3, 11
Let h(c) = -c**3 + 10*c**2 - 7*c + 3. Let m be h(6). Suppose -x + m = 98. List the prime factors of x.
7
Let s = -27 - -30. Let m(f) = -f**3 - 9*f**2 - 7*f + 8. Let r be m(-8). Suppose o + s*o - 64 = r. List the prime factors of o.
2
Let s be 6/9 - (-343)/3. Let l = s - 68. Suppose w - 4*z - l = 0, -9 + 3 = 2*z. What are the prime factors of w?
5, 7
Let m = 1804 + -513. List the prime factors of m.
1291
Let q be (1 - -2)/(17/34). Let v be (q/(-15))/(4/(-180)). Suppose 2*z = 2 + v. What are the prime factors of z?
2, 5
Let x be (-3)/(-9) + 17/3. Suppose 4*h - 301 = -b, -x*h = -h - 3*b - 372. List the prime factors of h.
3, 5
Suppose r = 2*g + 19, 3*g + 19 = r - 8. Let w(f) = -f - 9. Let d(o) = -o - 17. Let v(p) = -6*d(p) + 13*w(p). List the prime factors of v(g).
41
Let t = -2006 + 2876. List the prime factors of t.
2, 3, 5, 29
Suppose -3*b = 6*n - 8*n - 11, 0 = 5*n + 4*b + 16. Let g(w) = -w + 2. Let m be g(0). What are the prime factors of n*(m + (-27)/3)?
2, 7
Suppose -5*x - 1379 = -2*s, 3*s - 3*x - 629 - 1453 = 0. What are the prime factors of s?
17, 41
Let p(f) = 4*f**3 - 1. Let s be p(-1). Let l(r) = 5*r**2 - 7*r + 1. What are the prime factors of l(s)?
7, 23
Let i(o) be the second derivative of 7/12*o**4 + 3/2*o**2 - 1/20*o**5 - 5*o + 0 - 2/3*o**3. What are the prime factors of i(6)?
3, 5
Suppose -70*p = -66*p - 664. List the prime factors of p.
2, 83
Suppose -2*k + 11 = 11. Suppose k = 8*t - 3*t - 565. List the prime factors of t.
113
Let k(u) = u**3 + 8*u**2 + 7*u + 6. Let b = -12 - -20. Suppose 6*m - b*m - 12 = 0. List the prime factors of k(m).
2, 3
Suppose 5*d + z = -0*z - 14, 2 = 5*d - 3*z. Let f = d + -10. Let c(g) = -g**2 - 14*g + 1. List the prime factors of c(f).
5
Let g(h) = -h**2 + 7*h - 6. Let b be g(2). Suppose b*z = -4*i + 148, -i + 5*z + 8 = -23. List the prime factors of i.
2, 3
What are the prime factors of ((-5140)/50)/(2*(-1)/30)?
2, 3, 257
Let s(d) = -8*d + 340. Let x be s(45). Suppose 4*o + 40 = 176. Let q = o - x. What are the prime factors of q?
2, 3
Suppose 32 = v + 3*v. Let k be (1/(-3))/(v/4008). Let s = -113 - k. What are the prime factors of s?
2, 3
Let d(y) be the first derivative of 23*y**2/2 - 57*y + 1. What are the prime factors of d(8)?
127
Let w = 78 + -45. Let z = -9 + w. Let i = z - 22. List the prime factors of i.
2
Let d(v) = v + 16. Let t be d(-7). What are the prime factors of -123*(12/t)/(-2)?
2, 41
Let z be 1*(4/4 - 0) - -2. Suppose -z*r + 295 = -5*k, r - 2*k = -3 + 100. List the prime factors of r.
3, 5, 7
Let w(l) = -5*l**3 - 11*l**2 + 4. Let a be w(-8). Suppose -a = -13*s + 350. List the prime factors of s.
2, 5, 17
Suppose 4*z = -5*g + 5850, 0 = 2*g - 56*z + 53*z - 2363. What are the prime factors of g?
2, 587
What are the prime factors of 2/(-1 + 15190/15170)?
37, 41
Suppose -a + 2*a + 5*w = -5, -5*w - 5 = 0. Suppose a = 4*k - 50 - 18. List the prime factors of k.
17
Let i be (-2)/(3*(-8)/60). Suppose 0 = -i*n - 25, -2*b - 5*n = 12 + 25. List the prime factors of b*(3 + (-13)/3).
2
Suppose 4*q - 3656 = 440. List the prime factors of q.
2
Let l(j) = j**2 - j. Suppose -v - 1 = 3*y, 2*v + 0*v = 2*y - 2. Let m(f) = -2*f**2 + 8*f + 1. Let c(i) = v*m(i) - 3*l(i). List the prime factors of c(-4).
3
Suppose -4*h - 5*w = -2*w - 1790, -1802 = -4*h + 3*w. List the prime factors of h.
449
Suppose 90 - 465 = -g. Let i = g - 575. What are the prime factors of ((-1)/1)/(4/i)?
2, 5
Suppose 30*p = 4*p + 30576. What are the prime factors of p?
2, 3, 7
Let s be (259 + -1)*-2*1/(-4). List the prime factors of (-2)/4 - s/(-6).
3, 7
Let q = 6 + -2. Let c(s) = -s. Let o(h) = 4*h + 1. Let n(x) = -11*c(x) - 2*o(x). List the prime factors of n(q).
2, 5
Suppose 0 = 13*u - 15*u + 8. What are the prime factors of 1100/16 + u/16?
3, 23
Suppose 3*b = -4*v - 2, -b - v = 2*v + 9. Suppose b*q - 25 = 5*q. List the prime factors of (15/q)/(2/10).
3
Let j = 377 - 243. What are the prime factors of j?
2, 67
List the prime factors of 208/40 - (-3)/(-15) - -1414.
3, 11, 43
Let s = -413 - -727. What are the prime factors of s?
2, 157
Let i(h) = h**3 - 7*h**2 + 9. Suppose 0 = -d + 5 + 3. List the prime factors of i(d).
73
Let i = 120 + -81. Let f = i + 108. What are the prime factors of f?
3, 7
Let j(y) = 9*y**3 - y**2. Let r be j(1). What are the prime factors of (r - -6) + 3 + -3?
2, 7
Suppose 0*g - 3*g = -75. Let a = g + -26. Let x = 47 - a. What are the prime factors of x?
2, 3
What are the prime factors of 8674/8 + 7/(-28)?
2, 271
Let w = -5 - -9. Suppose 0 = w*l - 48 - 320. Suppose 0 = -5*u + l + 33. List the prime factors of u.
5
List the prime factors of 2/(-7) + (-498396)/(-574).
2, 7, 31
Let r = -1806 + 3075. What are the prime factors of r?
3, 47
Let t(c) = -8*c + 45. Let s = -83 - -73. What are the prime factors of t(s)?
5
Suppose 4*m = 5*x - 5104, -5 = 9*m - 4*m. What are the prime factors of x?
2, 3, 5, 17
List the prime factors of (84/(-36) + 2)*-12459.
4153
Suppose 2*n - 3*k = -n + 18, 10 = 3*n + k. Let l = n + 18. Suppose -l = -3*c + m + 15, 2*c = -2*m + 22. What are the prime factors of c?
2, 3
Let t(g) = -g**3 + 10*g**2 + 2*g - 3. Let a be t(10). Let h = a + -10. What are the prime factors of h?
7
Let c(r) = r**2 - 9*r - 46. What are the prime factors of c(43)?
2, 3, 59
Suppose 92*a - 11376 = 76*a. What are the prime factors of a?
3, 79
Let i(z) = -543*z - 1. Let p be i(-1). Suppose p = 5*o + 212. List the prime factors of o.
2, 3, 11
Let t(i) be the second derivative of -i**5/20 - i**4/12 + i**3/3 + 3*i. Let c be t(-2). List the prime factors of (c - 1)*48/(-4).
2, 3
Suppose 4*l - 1 = 3. Let d(t) = 21*t. Let j be d(l). Let v = j + -13. What are the prime factors of v?
2
Let z be 6/(-14) + (-4953)/(-91). List the prime factors of z*(-2)/(-6)*3.
2, 3
Let a be (-2)/18 + 110/18. Let r(n) = 2*n**2 - 7*n + 21. Let m(l) = 3*l**2 - 11*l + 32. Let x(k) = 5*m(k) - 7*r(k). List the prime factors of x(a).
13
Suppose 0 = 86*n - 91*n + 500. What are the prime factors of n?
2, 5
Suppose -4*c - 4*w + 15569 = -5*w, -2*c + 7797 = -3*w. List the prime factors of c.
3, 1297
Let a = 9 + -6. List the prime factors of (35 - 0) + -6 + a.
2
Let q(m) be the first derivative of 2*m**3/3 - 19*m**2/2 + 3*m - 8. What are the prime factors of q(13)?
2, 47
Let o(m) = 50*m - 175. What are the prime factors of o(11)?
3, 5
Let f be -3 + (-16)/(4/2). Let k = -6 - f. Suppose -10 = k*c - 6*c. List the prime factors of c.
2, 5
Let t = 1 - 1. Suppose -2*o = -r + 132, t*r = 3*r - o - 371. List the prime factors of r.
2, 61
What are the prime factors of 1*2/(-4)*-1028 - 3?
7, 73
Let b be 5*(2 - 1) - 5. Let f(a) = a**3 - a**2 + 268. What are the prime factors of f(b)?
2, 67
Let m(a) be the second derivative of a**4/6 + 2*a**3/3 - a**2/2 - 5*a. List the prime factors of m(3).
29
Suppose 5*d + 502 = w, 7*w - 4*d + 1936 = 11*w. What are the prime factors of w?
487
Let b(m) = m**3 + 13*m**2 - 6*m + 19. Let f be b(-14). Let q = 150 + f. What are the prime factors of q?
3, 19
What are the prime factors of 11 + (-35)/5 + 975?
11, 89
Let q = -671 + 1001. List the prime factors of q.
2, 3, 5, 11
Let s = -628 + 1013. List the prime factors of s.
5, 7, 11
Let b = -1674 + 2359. What are the prime factors of b?
5, 137
Let k(x) = x**2 + x - 2. Let l be k(-2). Suppose -d + 157 = -l*d. List the prime factors of d.
157
Let d be 15/9 - (-7)/21. List the prime factors of 25 + -4*d/4.
23
Let x(y) = -y**2 + 11*y + 24. What are the prime factors of x(6)?
2, 3
Suppose -2*f - 4*y = -1678, -1680 = -2*f + 27*y - 29*y. List the prime factors of f.
29
Let x = -1 - -4. Suppose 3*i = 3*g + 30, -4*i = -g - 0*i - 4. Let l = x - g. What are the prime factors of l?
3, 5
Suppose -i - 4*z + 16 = 0, i - 2*z + 8 + 6 = 0. Let t be 2 + i + -3 + 10. Let a = t - -21. What are the prime factors of a?
2, 13
Let o = -1025 - -1023. Suppose -4*t = -p + 5*p - 4, 0 = 2*p + 3*t - 2. List the prime factors of 10 + 4/p - o.
2
Le